 of v.
5, 7
Suppose 23*f + 5823 = 28*f + 2*z, 1147 = f - 4*z. What are the prime factors of f?
1163
Let v(b) = b**3 + 21*b**2 - 2*b - 39. What are the prime factors of v(-17)?
1151
Suppose 0 = 13*u - 16*u + 492. List the prime factors of u.
2, 41
Suppose -t + 19 = 5*s, 4*t = -s - 0*s + 19. Suppose -t*q + 14 = -6. Suppose q*r + 10 = 6*r. What are the prime factors of r?
2, 5
Suppose 0 = 5*c + 4*a - 138, -3*c + a + 93 = -0*c. Let o = 44 - c. List the prime factors of o.
2, 7
Suppose -818 = -5*x + 997. List the prime factors of x.
3, 11
Let t(o) = -o - 4. Let y be t(6). Let j(w) = w**3 + 10*w**2 - 2*w - 15. Let g be j(y). Suppose 175 = g*n + 40. What are the prime factors of n?
3
Suppose 0 = -3*m - 0*m - 117. What are the prime factors of m/6*18/(-3)?
3, 13
Let n(u) = -2*u**2 - 15*u - 15. Let q be n(-15). What are the prime factors of q/(-5) - (-2 + -1)?
3, 17
Suppose -k = -5*d - 16 - 0, -3*k - 4*d - 9 = 0. Let j(z) = z**3 - 2*z + 1. Let i be j(k). Suppose i = 22*y - 19*y - 81. What are the prime factors of y?
3
Let f(g) = g**3 - 12*g**2 - 7*g + 1. Let s be (-105)/(-7) + (-3 - -1). List the prime factors of f(s).
79
Let k(t) = 4*t. Let p be k(1). Suppose -2*n - h = h - 12, 0 = p*n - 3*h - 3. Suppose 0 = 5*m + l - 15, -2*m + 29 - 6 = -n*l. List the prime factors of m.
2
Let q(r) = 2*r**3 + 8*r**2 + 4. Let p(k) = k**3 + k**2 - k - 1. Let i(t) = -p(t) + q(t). Let n be i(-7). What are the prime factors of ((-1)/n)/(1/22)?
11
Suppose 4*a + 198 = a. Let g be (1 - 3) + a - -4. Let w = g + 98. List the prime factors of w.
2, 17
Suppose -3*a = 5*z - 95, -a = 4*z - z - 33. Let n be a/12 - (-1)/(-2). List the prime factors of n - (-3 + 7) - -34.
2
Let f(b) = -2*b + 15. Let k be f(0). Suppose -y - k = -3. Let q = 54 + y. What are the prime factors of q?
2, 3, 7
Let v = 138 + 958. What are the prime factors of v?
2, 137
Let n = -48 - -48. Suppose m - 129 = -3*g, 0 = -n*g + 4*g + 4. List the prime factors of m.
2, 3, 11
Suppose 4*w + 2*c = c + 12, 2*w = -4*c + 20. Suppose -h - 99 = -l, -3*l - h + 309 = w*h. List the prime factors of l.
101
Suppose -5*i + 4000 = h + 4*h, -i + 808 = 5*h. Let u = i + -540. List the prime factors of u.
2, 3, 43
What are the prime factors of ((-28083)/46)/((6/(-8))/1)?
2, 11, 37
Let t(h) = -h**3 + 8*h**2 - h + 13. Let i be t(8). Let o(v) = v**3 - 3*v**2 - 7*v. List the prime factors of o(i).
3, 5
Suppose 4*a - 5268 = -4*p, 42*a - 2*p = 47*a - 6576. What are the prime factors of a?
2, 3, 73
Let b = 15 - 23. Let y(z) = -z**3 - 2*z**2 - 3*z - 2. Let i be y(-2). List the prime factors of b/(11/i + -3).
2
Suppose 0 = 3*d + 5*n + 10, 3*n - 6*n - 6 = d. Suppose d = o - 3*k + k + 22, -k = -o - 19. Let v = -10 - o. What are the prime factors of v?
2, 3
Suppose 9*o - 8*o = i + 1025, -3*o = -i - 3077. List the prime factors of o.
2, 3, 19
Suppose 14*s = 19*s - 225. What are the prime factors of s?
3, 5
Let b(m) = -10*m - 12. Suppose 2*a - 3*i - 3 = 4*a, 4*a + 31 = -i. What are the prime factors of b(a)?
2, 3, 13
Let n be (-2)/(-7) - 2934/(-21). Suppose -n = -5*h + h. List the prime factors of h.
5, 7
Let o = -29 + 47. Suppose -o + 122 = 4*j. What are the prime factors of j?
2, 13
Let g(n) = -n**3 + 2*n**2 + 3*n + 3. Let q be g(3). What are the prime factors of (-2 + (3 - q))*-17?
2, 17
Suppose 0*k + 9418 = 17*k. List the prime factors of k.
2, 277
Let m be 2*(3 - 6/4). Let b(g) = 2 + m + g - 2. List the prime factors of b(12).
3, 5
Let b(n) = 15*n**2 + 60*n + 1. List the prime factors of b(-8).
13, 37
Suppose 43*o - 378 = 34*o. List the prime factors of o.
2, 3, 7
Suppose 27*p = 72300 - 7338. List the prime factors of p.
2, 3, 401
Suppose -14*r + 19740 - 5936 = 0. List the prime factors of r.
2, 17, 29
Let u be 27/(-45) + (-686)/(-10). Let j = u - 30. What are the prime factors of j?
2, 19
Let o be (-2)/(-1*(-2)/(-4)). What are the prime factors of -4 - (o + -7) - -58?
3, 19
Let k(i) = -54*i + 424. What are the prime factors of k(-28)?
2, 11
Let f(k) = 3*k**2 + 2*k + 1. Let s be f(-1). Let w(b) = -b**2 + 8*b + 4. Let o be w(8). Let n = s + o. What are the prime factors of n?
2, 3
Suppose -2*y - 6 = 2*b, 5*b = -0*b - y + 5. List the prime factors of b*(-5)/20*-286.
11, 13
Let w(g) = g**3 - g**2 + 4*g - 3. Let v be w(2). Let o be 4/12 - (-492)/v. Suppose 3*r - o = -19. What are the prime factors of r?
2, 3
Suppose -4*k + 2 = 14. Let u = k + 6. Suppose u*a = -2*a + 105. List the prime factors of a.
3, 7
Let g = -2144 - -4211. What are the prime factors of g?
3, 13, 53
Suppose -3*l = -20 + 8. Let n be 502/l + (-3)/(-6). Suppose -n = -4*s + s. List the prime factors of s.
2, 3, 7
Suppose -4*k + 2978 = 2*o, 2*o - 1098 = -k + 1874. What are the prime factors of o?
3, 5, 11
Let z(r) be the second derivative of -8*r**3/3 + 3*r**2/2 + r. Let q be z(-3). Suppose -q = -4*c + 33. List the prime factors of c.
3, 7
Let k(j) = -29*j + 43. List the prime factors of k(-30).
11, 83
Suppose -5*g + 5*o = -795, 0 = 3*g + 3*o - 521 + 68. List the prime factors of g.
5, 31
Suppose -u + 0*u = -13. Suppose -s = 3*f - 9, f + u = 2*f - 3*s. Suppose d + 16 = 2*b - 2*d, 4*b + d - f = 0. List the prime factors of b.
2
Let g be 48/28*14/3. List the prime factors of (-2)/(-16) + 1087/g.
2, 17
Suppose 0 = 10*w - 64*w + 39366. List the prime factors of w.
3
Let k(z) = -z**3 - 3*z**2 + 1. Let c be k(-3). What are the prime factors of 114*c*(-5 + 7)?
2, 3, 19
Suppose h + 5*d = 54, h = -0*h + 2*d + 19. Let n = h - 5. List the prime factors of n.
2, 3
Let i(m) = 2*m - 24. Let z be i(9). What are the prime factors of 3/((-2)/308*z)?
7, 11
Let h(r) = 4*r**3 - 25*r**2 + 11*r - 1. What are the prime factors of h(10)?
1609
Let x be 22/33*(-3)/2 - -48. Suppose x*n - 42*n = 295. List the prime factors of n.
59
Suppose -2*f - 132 = -4*z, -f = -2*f - z - 75. What are the prime factors of 60/9*(f/(-5))/4?
2, 3
Suppose -8*u - 6812 = -12*u + 4*r, -3*r = -u + 1693. What are the prime factors of u?
2, 7, 61
Let s(l) = l - 70*l**2 + 2*l + 77*l**2 - 1 + 3. List the prime factors of s(4).
2, 3, 7
Suppose -4*k - 3 + 5727 = 0. What are the prime factors of k?
3, 53
Suppose 0*b + 3247 = 5*j + 3*b, -2*j + 2*b = -1302. List the prime factors of j.
2, 5, 13
Let z(w) = -w**2 + 131. Let g be z(0). Suppose 3*p = -4*f + 549, f + 3*p - g = p. Suppose 4*m + 48 = b, 0*b = -2*b - m + f. List the prime factors of b.
2, 17
Let i = -831 - -1331. List the prime factors of i.
2, 5
Let q be ((-40)/(-90))/(4/18). Suppose 6 = -y - 2*m, m - q*m = y + 2. Suppose 0 = y*o - 5*a - 41, 4*o = 5*a + 73 + 34. List the prime factors of o.
3, 11
Suppose 2*h - 1400 = -11*i + 7*i, -3*i + 1057 = -2*h. What are the prime factors of i?
3, 13
Suppose -3*k + 1533 = 4*k. List the prime factors of k.
3, 73
Let q be 7/((-28)/(-12)) + -1. Suppose q*l + 320 = 796. What are the prime factors of l?
2, 7, 17
Suppose 97*z - 93*z = 6344. List the prime factors of z.
2, 13, 61
What are the prime factors of 3/(-7) - (-689344)/224?
17, 181
Let h(l) = -2*l**2 - 9*l - 1. Let k be h(-4). Suppose -59 = t + 5*x, -6*t + 2*t + k*x - 213 = 0. Let o = t + 100. List the prime factors of o.
2, 23
Let j be (-2)/5 - 26410/(-25). Suppose -4*q = 7*q - j. List the prime factors of q.
2, 3
Let i = -74 - -62. What are the prime factors of i/3 + (40 - -2)?
2, 19
Suppose b - 17 = -2*q + 6*q, 4*q = 0. Suppose -12*g = -b*g + 770. List the prime factors of g.
2, 7, 11
What are the prime factors of 694 + (-4 + -1)/(-5)?
5, 139
Let p = -7 + 19. Let z = -7 + p. Suppose 4*w + 83 = -4*a + 267, -189 = -4*a - z*w. List the prime factors of a.
41
Let f be (-3)/(-5) + 22/5. Suppose f*d + 480 = 10*d. List the prime factors of d.
2, 3
Suppose -5228 - 15170 = -47*n. List the prime factors of n.
2, 7, 31
Let j(u) be the third derivative of 6*u**2 + 0 + 0*u - 5/24*u**4 - 2/3*u**3 + 1/30*u**5. What are the prime factors of j(7)?
59
Let s(z) = z**3 - 22*z**2 - 32*z + 28. Let d be s(23). Let r = -94 - d. List the prime factors of r.
5, 17
Let k be (-4)/(-3) + (-128)/(-12). Suppose 0 = -6*p + 4*p + k. What are the prime factors of p?
2, 3
Let l = -27 + 156. Suppose 4*x - 7*x = -l. What are the prime factors of x?
43
Let j = -12 - -14. Let c(s) = -22*s**2 - 2*s + 4. Let u be c(j). Let p = -53 - u. What are the prime factors of p?
5, 7
Let h = -10 - -31. Suppose 2*o - h = -o. Let q = o 